2*s = -5*s + 4*i + 34. Let x be (s + 0)/((-4)/(-30)). List the prime factors of 1/(-2) + x/6.
2, 3
List the prime factors of 10/4*104/65.
2
Let a(p) = 17*p**2 - 2*p - 1. Suppose 3*m + 5 = -2*m - r, m + 3*r = -1. List the prime factors of a(m).
2, 3
Let w = 0 - -3. Let a = w - -2. Suppose -2*p = 2*p - a*r - 21, 12 = p + r. List the prime factors of p.
3
Suppose -3*s + 7*s - 15 = 5*t, 3*t - s + 16 = 0. Let w = -3 - t. Let o(r) = r**2 - 3*r + 5. What are the prime factors of o(w)?
3
Let r = 92 - -12. Suppose -3*p - i = -r, 0 = 5*p + 3*i - 75 - 101. What are the prime factors of p?
2, 17
Suppose z = 6*z - 65. List the prime factors of (-262)/(-13) + (-2)/z.
2, 5
Suppose -5*z = d - 1287, 5*d + 12 = -3. List the prime factors of z.
2, 3, 43
Let o be 2 + (-207 - 3)/(-3). Let w = o + -51. List the prime factors of w.
3, 7
Let t = -4 + 7. Suppose s = v + 22, -2*s = -4*s - t*v + 39. List the prime factors of s.
3, 7
Let h = -51 + 98. List the prime factors of h.
47
Suppose -w + 5*k = -0*w - 72, 0 = 2*w - 2*k - 104. What are the prime factors of w?
47
Suppose -5*o = 2*s - s + 1, 0 = -4*s + o + 17. Suppose 8*f - s*f - 32 = 0. List the prime factors of f.
2
Let b = -6 + 10. Suppose b*p - 2*p = 16. Let x = p - -5. What are the prime factors of x?
13
Let u(i) = -3*i**2 - 4*i - i**2 - 46 + 44 - i**3. Suppose 0*p = 3*p + 12. List the prime factors of u(p).
2, 7
Let l = -1 + 3. Suppose l*k + 10 = 2*d, -k + 6 - 1 = d. Suppose 14 = d*b - 11. What are the prime factors of b?
5
Let k be 10/(-4)*24/(-20). List the prime factors of (1 - -10) + (-12)/k.
7
Suppose -b = -3*b + 30. Let k = -8 + b. Let f = k - 3. What are the prime factors of f?
2
Let g be 164/12 - (-2)/6. Suppose -o - g + 1 = -2*q, -4*q + 19 = 5*o. List the prime factors of 177/18 - (-1)/q.
2, 5
List the prime factors of 34 - (7 - (-2 - -5)).
2, 3, 5
Suppose 2*c - 13 = -1. Suppose 0 = 2*v - c*v + 160. List the prime factors of v.
2, 5
Suppose 0 = r - 4*u + 13, -2*r - r + 29 = 5*u. What are the prime factors of r?
3
Suppose 0 = u + 5*z - 10, z = 5*z - 4. Suppose 0*g - i = -u*g + 65, 0 = -2*g - i + 19. What are the prime factors of g?
2, 3
Suppose 2*j - 35 = -5*k, 0 = -3*j + 3*k + 27 + 36. Let c be 5/j + 1/(-4). Suppose c*f + 60 = 3*f. List the prime factors of f.
2, 5
Let x be (9/4)/(24/896). Suppose -2*f + x = 4*y + 2*f, 0 = y - 5*f - 9. What are the prime factors of y?
19
Let k(h) = 3*h**3 - 10*h**2 + 3*h - 1. What are the prime factors of k(4)?
43
Let m = 350 + -249. List the prime factors of m.
101
Let d be (-1)/4 + 15/(-4). Let z be ((-5)/2)/(2/d). Let q(i) = -i**2 + 6*i + 7. List the prime factors of q(z).
2, 3
Let x(t) = 2*t - 8. Let b(u) = -u**3 - 7*u**2 - u - 6. Let h be b(-7). Suppose -2*c + 15 = h. List the prime factors of x(c).
2, 3
Let t(j) = -j**3 - 6*j**2 + 7*j. Let d be t(-7). Let l = d - -3. Suppose l*g = 2*a - 37, -5*g + 4*g = -4*a + 79. What are the prime factors of a?
2, 5
Let p = -64 + 91. Let l = -11 + p. List the prime factors of l.
2
Let n(k) = k - 5. Let h be n(0). Let m = h - -2. Let g = m - -9. List the prime factors of g.
2, 3
Let b(k) = 7*k + 3. Suppose 4*w - 8 = 4. What are the prime factors of b(w)?
2, 3
Suppose -2*o = -2*f + 34 - 82, -46 = -2*o + 3*f. List the prime factors of o.
2, 13
Let d(a) = a**3 + 8*a**2 + a - 17. What are the prime factors of d(-7)?
5
Suppose -2*j - 360 = -6*j. Suppose 4*v = -v + j. What are the prime factors of v?
2, 3
Let w = -7 - -9. Suppose -t = -23 + w. Suppose -t = 3*g - 4*g. What are the prime factors of g?
3, 7
Suppose 5*v + y = 3 + 11, 0 = 4*v - 2*y. Suppose -h + 3*s = 4*h - 55, v*h = -2*s + 38. What are the prime factors of h?
2, 7
Let r = 490 - 306. What are the prime factors of r?
2, 23
Let d be (2 - 2)/(0 - -3). Suppose d = -2*t + 4*t - 36. List the prime factors of t.
2, 3
Let y = 227 - -14. List the prime factors of y.
241
Suppose -5*n + 38 = -3*n. What are the prime factors of n?
19
Let n = 94 - 22. What are the prime factors of n?
2, 3
What are the prime factors of 20/((36/(-33))/(-6))?
2, 5, 11
Let h(r) = r**3 - 6*r**2 + 7*r - 1. Let x be h(5). List the prime factors of ((-57)/x - -2)*-3.
13
Let u(a) = -10*a - 16. List the prime factors of u(-7).
2, 3
Suppose -2*t + 185 = -131. What are the prime factors of t?
2, 79
Suppose -164 = -4*n + 4*p, -2*p = -5*n + p + 201. List the prime factors of n.
3, 13
Let m = 10 + -7. Suppose 2*o = 3*v - 3, -3*o = -o + m*v - 27. List the prime factors of (-2)/(9/o - 2).
2
Let r(o) = o**3 - 3*o**2 - 2*o - 3. Let l be r(4). Let f(q) = q**2 - 5*q - 1. Let m be f(l). What are the prime factors of (-87)/(-6) + m/(-2)?
3, 5
Let p be (-2)/(((-16)/(-12))/(-4)). Suppose 0 = 2*h - p, k + 5 = h + 42. List the prime factors of k.
2, 5
Suppose 2*t + 99 = 5*t. Let d = -52 + t. Let c = -12 - d. List the prime factors of c.
7
What are the prime factors of 75 + 4 + -2 + 20/(-5)?
73
Let b be (-2)/(-1 - -3) - 21. Let r = b - -38. What are the prime factors of r?
2
Suppose 5*z - 4*z = 5. Suppose 14 - 1 = z*b - 3*y, 6 = 2*b - 2*y. Suppose -b*p - p + 18 = -5*a, -3*p = -a - 18. List the prime factors of p.
2, 3
Let u(x) = 11*x - 45. List the prime factors of u(11).
2, 19
Suppose 4*z + 2 = 3*j + 37, -3*z + 3*j + 27 = 0. Suppose 2*n - z = -0*n. List the prime factors of n.
2
Let t = 0 - -4. Suppose 20 = 3*z + 4*n + 6, t*n = -5*z + 26. List the prime factors of z.
2, 3
Suppose 736 + 1082 = 6*v. List the prime factors of v.
3, 101
List the prime factors of (-1 - -5 - -2)*62/4.
3, 31
Let s = -6 + 4. Let q(n) = -2*n**3 + n**2 - 2*n - 3. Let u be q(s). Suppose -3*f + 3*y + u = 0, 3*y - y = 3*f - 19. List the prime factors of f.
5
Let l be 15/10 - (-102)/4. Let x(p) = -p**2 - p - 15. Let d be x(0). Let n = d + l. What are the prime factors of n?
2, 3
Let o(m) = -2*m**2 + 6*m - 7. Let a be o(3). Let p = 28 - a. What are the prime factors of p?
5, 7
Suppose -4*v + 135 = n, -27 = 3*v + 5*n - 141. What are the prime factors of v?
3, 11
Suppose -5*c = -3*h + 36, 0 = -2*h + 3*c + 11 + 13. What are the prime factors of h?
2, 3
Let q = -124 - -236. Suppose -4*z + q = -52. What are the prime factors of z?
41
Suppose -4*u + 5*u - 281 = -2*y, 4*y - 550 = 2*u. What are the prime factors of y?
139
Let g(k) = k**3 - 9*k**2 + 9*k - 2. Suppose 3*z + 2*i = -296, -5*z - 2*i + 244 - 740 = 0. Let c be z/5*2/(-5). What are the prime factors of g(c)?
2, 3
What are the prime factors of 4/((-16)/148)*(0 - 1)?
37
Let d(j) = -10*j**3 + j**2 - 1. Let q be d(-1). Let k(z) = z**3 - 10*z**2 - z + 14. What are the prime factors of k(q)?
2
Let z(g) = -g**2 + 6*g - 7. Let q be z(5). Let s = q + 33. List the prime factors of s.
31
Let b be -1 - -3 - (2 + -14). Let j = 22 - b. What are the prime factors of j?
2
Suppose 6 = 3*x - 0. Suppose h = -x*s + 45, -3*h + 11 = s - 4. Let u = s - 13. List the prime factors of u.
11
Let k(r) = -7*r - 2. Let n be k(4). Let p = -15 - n. List the prime factors of p.
3, 5
Let g(l) = -l**3 - 3*l**2 - 2*l + 11. List the prime factors of g(-5).
71
Let b(s) = -s**2 + 5*s - 9. Let j be b(7). Let n = 38 + j. What are the prime factors of n?
3, 5
Let x be (84/(-10))/3*-5. Suppose -2*j + 24 = -4*n, j + 0*n - 4*n = 22. Suppose 0 = j*l - x + 6. What are the prime factors of l?
2
Suppose -5*c + 5*n = -6*c + 1, -3*n = 2*c - 9. What are the prime factors of 1*(c*1)/2?
3
Suppose 0 = -2*q - 3*q - 5, -2*w + 11 = -q. Let x(j) = j. List the prime factors of x(w).
5
Let a = 6 + -10. List the prime factors of (1*-8)/a*16.
2
Let l(s) = -s + 1. Let u be l(2). Let a be u/2 - (-15)/6. Suppose h = -3*b - 1, -a*h - 14 = -5*b - 56. List the prime factors of h.
11
Let p(n) be the first derivative of n**4/4 + 11*n**3/3 - 17*n**2/2 - 11*n + 7. List the prime factors of p(-12).
7
Let c be (-1 - -11)*9/6. Let p be ((-4)/(-3) + -1)*c. Suppose -2*y + p*y = 4*r - 24, 2*y + 20 = 4*r. What are the prime factors of r?
3
Let y = -2 - -11. List the prime factors of y.
3
Suppose 0 = -5*d + 658 - 23. List the prime factors of d.
127
Suppose p + 2*j = 0, -5*p + 5 = 2*j - 19. Let r be (p/(-4))/((-1)/2). Suppose 0*z + 4*z = 2*l + 54, -3*z + 45 = -r*l. List the prime factors of z.
2, 3
Let t = 78 + -36. What are the prime factors of t?
2, 3, 7
Let u(y) = 127*y + 13. List the prime factors of u(2).
3, 89
Suppose 36 + 8 = 4*w. Suppose w*z + 7 = 12*z. List the prime factors 